hest common factor of u and 78?
6
Let a(k) = 52*k**2 + 14. Let w be a(-5). Let x = w - 864. What is the highest common divisor of 18 and x?
18
Suppose 0 = -12*c - 860 + 4196. What is the greatest common divisor of 5977 and c?
139
Suppose 4*z - 28*u + 27*u - 418 = 0, 5*u - 10 = 0. What is the highest common factor of 126 and z?
21
Let q be (354/(-18))/((-2)/6). Let i = q - 50. Suppose -128 = i*x - 13*x. What is the highest common factor of 24 and x?
8
Suppose 0 = -8*h + 2*h + 126. Let t be (h/12)/(2*4/96). Let p = -12 + 33. Calculate the highest common divisor of t and p.
21
Let z(p) = -14*p + 42. Let d be z(3). Let v(c) = -c**3 - 2*c**2 + 7*c + 416. Let w be v(d). Calculate the highest common factor of 8 and w.
8
Suppose 58*h - 522512 = -10*h. What is the highest common divisor of 17 and h?
17
Suppose n - 4*j - 23 = 0, -5*n + 54 + 10 = -3*j. Let u be 1 + 1 + 265 + n + -8. What is the highest common divisor of 120 and u?
30
Suppose -770*x + 771*x = 12. What is the highest common factor of 1548 and x?
12
Let i(v) = v**3 - 50*v**2 + 177*v - 316. Let x be i(47). What is the greatest common factor of 320 and x?
32
Let s = 5 - 28. Let j = -67 - -93. Let x = s + j. What is the highest common divisor of 1 and x?
1
Let z = -94 + 106. Let l(g) = g**3 - 11*g**2 + 3*g - 35. Let r be l(z). Calculate the greatest common factor of r and 116.
29
Suppose -r = 1 + 3. Let g(x) = x**3 + 5*x**2 + 2*x. Let t be g(r). Suppose 220*a = 11593 + 2487. Calculate the greatest common factor of t and a.
8
Let p be 5 - 7/21*0. Suppose -11*v = -10*v - p. Calculate the highest common divisor of 80 and v.
5
Suppose -42*x - 12*x + 483803 = 95*x. What is the greatest common factor of 136 and x?
17
Let o(a) be the third derivative of -5*a**4/24 - a**3/6 - 16*a**2. Let m be o(-1). Let d = 41 + -25. What is the greatest common divisor of m and d?
4
Let i(f) = 2*f**3 - 128*f**2 + 131*f - 184. Let r be i(63). What is the highest common divisor of 1179 and r?
131
Let q(m) = -7*m**2 - 112*m + 5. Let d be q(-16). Suppose -104 + 209 = d*k. Calculate the greatest common factor of 147 and k.
21
Let a = -2056 - -2224. Let l = 25 + -1. Calculate the highest common factor of a and l.
24
Let g(u) = 7*u**2 + 404*u - 93. Let a be g(-58). Calculate the highest common divisor of a and 18607.
23
Let r(c) be the second derivative of -c**3/3 + 13*c**2 - c - 176. Suppose -4*m + 14 = -14. Let l be r(m). What is the greatest common divisor of l and 48?
12
Suppose 69*z = 66*z. Suppose z = 3*a - s - 255, 0 = 3*s - 6 - 3. What is the greatest common factor of 129 and a?
43
Suppose 1 = w - 244. Let z = 66733 - 66698. What is the greatest common factor of w and z?
35
Let f(s) = -2*s**2 - 5*s - 6. Suppose 6*d + 23 = -1. Let m be f(d). Let y(l) = l**2 + 20*l + 39. Let x be y(m). Calculate the highest common factor of x and 1.
1
Suppose -13*n = 3*h + 190 - 6120, -25 = -5*h. What is the highest common divisor of 5850 and n?
65
Let n = 5 - 1. Suppose -2*j + 4*s = -16, -2*s = -j + 3*j - n. Suppose j*m - 23 = 29. What is the greatest common factor of 26 and m?
13
Let y be 4155/105 - (-5 + 78/14). Calculate the greatest common factor of y and 4849.
13
Suppose 165 = -4*n + 7*n. Let c = 7 + n. Let p = -44 + c. What is the greatest common divisor of 108 and p?
18
Let j(y) = -257*y - 247. Let t be j(-10). Calculate the highest common divisor of 101 and t.
101
Suppose -9 - 1 = -2*v, -c - 29 = -v. Let l be 6*((-2)/18 - (-291)/(-54)). Let n be l/(-2)*c/(-18). What is the greatest common divisor of n and 22?
22
Let i be (40/(-25))/((-8)/3940). Suppose 8 = -13*k + i. What is the highest common divisor of k and 960?
60
Let y = -2696 + 2966. What is the highest common factor of y and 1242?
54
Suppose 3*h + 1 = -2*n, 0 = -3*h - 3*n - 0*n - 3. Let a be 7 + 20/(-2) + 83*h. What is the highest common divisor of 5 and a?
5
Suppose 5 = 3*w - 1. Suppose 27 = 2*c - 3*o, -3*c = 2*c + 5*o - 5. Suppose 4*i = 0, 2*s + 3*i - c = 6. What is the greatest common divisor of w and s?
2
Let c = -5894 + 6488. What is the highest common divisor of 231 and c?
33
Let j(i) = -i**3 - 37*i**2 - 65*i + 299. Let s be j(-37). Calculate the greatest common factor of 4 and s.
4
Suppose 0 = -46*h + 20245 + 13979. Calculate the greatest common divisor of h and 48.
24
Suppose -5*k = -4*s - 1104, -4*s + 6 + 10 = 0. Calculate the highest common factor of 14 and k.
14
Let l = -70 + 694. Let n be (-154)/(-4) + ((-145)/(-10))/29. What is the highest common factor of n and l?
39
Suppose -21 = -4*m + h + 575, -3*m = h - 454. What is the highest common divisor of 5050 and m?
50
Let b = 1114 - 683. Suppose x + 4*a = 228, -b = -2*x + 3*a - 6*a. Calculate the greatest common factor of x and 13.
13
Let v(o) = 5*o**3 - 9*o**2 - 9*o + 17. Let c be v(7). What is the highest common divisor of c and 20?
4
Let c = 5070 + -1052. Calculate the highest common divisor of 98 and c.
98
Suppose 0*v - 2*v - 10 = 0. Let h be 30/4*4/v. Let i(n) = -2*n**3 - 11*n**2 + 4*n - 5. Let j be i(h). What is the greatest common factor of 56 and j?
7
Suppose 75 = 5*p + 5*n, 4*p = 2*n + n + 88. Suppose -4*t - 990 = -1142. Let v = t - p. What is the greatest common divisor of v and 209?
19
Let r be (12/14)/((-21)/(-98)). Suppose 4*g + r = 0, -3*g = -w - w + 45. Calculate the greatest common factor of w and 336.
21
Let j be (-8)/(-2) - (-5 - -1 - -13). Let b = -8 - j. Let d be b/2 - (-21)/(-14) - -10. Calculate the highest common factor of 42 and d.
7
Let a = 3137 - -3133. What is the highest common factor of 55 and a?
55
Let y(w) = -3*w**2 - 68*w + 16. Let l be y(-16). Calculate the highest common factor of 714 and l.
42
Let g be -1 - (-18)/(-36)*(5 + -3 + -140). Calculate the highest common factor of 697 and g.
17
Suppose 167*i - 58253 = -27566 + 48805. What is the highest common divisor of 136 and i?
68
Let x be (-66 - (-13396)/204) + 7/3. Let o = 3 + -5. Let c be 4/o*(0 + -8). What is the greatest common divisor of c and x?
2
Let c(d) = 33*d - 27. Let j be c(-5). Let l = j + 202. Calculate the greatest common factor of l and 10.
10
Let c(n) = 79*n**2 - 4*n + 1. Let k be 84/30 + -2 + 33/15. Let y be c(k). What is the greatest common factor of y and 70?
70
Suppose -z + 2030 = 4*b, 5*b + 497*z = 494*z + 2548. Calculate the greatest common factor of b and 77.
11
Let z(g) = 2*g**2 + 10*g + 10. Let p be z(-6). Let l be 25/(-9) + (1 - p/18). Let j be (1/2)/(l/6) + 3. Calculate the highest common factor of 4 and j.
2
Suppose 2*k = 5*x + 64, -5*k + 3*x + 122 = -0*x. Suppose 0 = 21*l - 19*l - 8. Suppose 5*i = 6 + l. Calculate the highest common factor of i and k.
2
Let y(l) = -219*l - 694. Let r be y(-4). What is the greatest common divisor of 518 and r?
14
Let d be 12/4*494/3. Let m(h) = -3*h**2 - 141*h - 100. Let f be m(-46). What is the greatest common factor of f and d?
38
Let s(m) be the first derivative of 141*m**2/2 - 39*m + 36. Let w be s(4). What is the highest common factor of 15 and w?
15
Let p be -3090*(6 + (-444)/60). Calculate the greatest common factor of 84 and p.
42
Let x be 8 - (-27)/1*1. What is the highest common factor of x and 2632?
7
Let u(x) = -x**2 - x + 47. Let z be u(9). Let j = z - -58. Calculate the highest common divisor of j and 150.
15
Suppose -3*p = -5*r + 95, -3*r = -6*r + 3*p + 51. Let x(j) = -j**3 + 38*j**2 - 294*j - 4. Let i be x(27). What is the greatest common divisor of r and i?
11
Let o(z) = -80*z**2. Let m be o(-1). Let i be (0 + m/3)*(12 - 3). Let t be 12/(-78) + i/(-39). What is the highest common factor of 6 and t?
6
Let q be 7 - (-1 + 3 + -4). Suppose -6*l = q + 27. Let x be (2/l)/(3/(-27)). What is the highest common factor of 21 and x?
3
Suppose -2*z = -2*i + 68, i + 4*z = 3*i - 64. Suppose 0 = 9*k - 592 + 52. What is the greatest common factor of i and k?
12
Suppose -34222 = -2*f + 3*q, -4*f + 2*q = -q - 68450. What is the highest common divisor of f and 86?
86
Let i = 135 + -63. Suppose 0 = 3*c + f - 189, -3*c - 26*f = -21*f - 225. What is the greatest common factor of i and c?
12
Let o = -62 - -116. Let t(c) = o*c + 48*c + 6 - 105*c. Let b be t(-2). What is the highest common factor of b and 12?
12
Let g = 19 - 21. Let q be (-112)/(-6) + (g/3 - 0). What is the greatest common divisor of 18 and q?
18
Let u = 442 - 438. Let k(m) = 4*m**2 - 14*m + 6. Let p 